1872?
False
Is 470479 a multiple of 17?
False
Is 1798694 a multiple of 3?
False
Is 8 a factor of 3713344?
True
Does 4 divide 203576?
True
Is 292734 a multiple of 3?
True
Is 2417721 a multiple of 15?
False
Is 852297 a multiple of 258?
False
Is 4 a factor of 93810?
False
Is 1095023 even?
False
Is 31453 a multiple of 91?
False
Does 7 divide 64715?
True
Is 110185 a multiple of 11?
False
Is 14036 a multiple of 11?
True
Does 218 divide 6647194?
False
Is 2117585 a multiple of 222?
False
Does 61 divide 1005768?
True
Is 186 a factor of 252774?
True
Is 1213436 a multiple of 151?
True
Does 66 divide 326040?
True
Is 698 a factor of 3027206?
False
Is 22 a factor of 458006?
False
Is 114096 a multiple of 24?
True
Is 198 a factor of 229482?
True
Does 48 divide 81410?
False
Is 3 a factor of 86406?
True
Is 132 a factor of 836266?
False
Is 91 a factor of 4988992?
False
Is 140 a factor of 2343460?
True
Does 167 divide 712255?
True
Does 389 divide 958853?
False
Is 93 a factor of 125364?
True
Is 42 a factor of 13629?
False
Does 17 divide 378356?
False
Is 17565 a multiple of 35?
False
Does 416 divide 741491?
False
Is 12 a factor of 2824?
False
Is 3 a factor of 32511?
True
Is 25 a factor of 1360350?
True
Is 1840689 a multiple of 9?
True
Does 6 divide 20219?
False
Does 66 divide 1238394?
False
Does 113 divide 466690?
True
Does 33 divide 151173?
True
Does 24 divide 104422?
False
Is 164 a factor of 1340082?
False
Is 37 a factor of 60406?
False
Does 51 divide 199410?
True
Does 836 divide 3221108?
True
Does 39 divide 117087?
False
Is 194292 a multiple of 54?
True
Is 22 a factor of 181033?
False
Is 12798 a multiple of 79?
True
Is 1172093 a multiple of 29?
True
Does 28 divide 1667075?
False
Does 19 divide 18559903?
True
Is 5 a factor of 394583?
False
Does 21 divide 5060559?
True
Is 10902420 a multiple of 60?
True
Is 9 a factor of 51435?
True
Does 9 divide 90405?
True
Does 8 divide 6900896?
True
Is 17 a factor of 19601?
True
Is 49 a factor of 338294?
False
Is 2 a factor of 18828?
True
Is 1644980 a multiple of 1765?
True
Is 8515590 a multiple of 1872?
False
Does 12 divide 3380318?
False
Is 807743 a multiple of 109?
False
Is 31 a factor of 90985?
True
Is 1014926 a multiple of 1116?
False
Is 53 a factor of 5203205?
False
Does 3 divide 33913?
False
Does 31 divide 709404?
True
Is 1023705 a multiple of 280?
False
Is 6534968 a multiple of 22?
True
Is 3933900 a multiple of 54?
True
Is 196 a factor of 77356?
False
Is 269968 a multiple of 8?
True
Is 14 a factor of 25327974?
True
Does 93 divide 73842?
True
Is 112 a factor of 1293217?
False
Does 1332 divide 8338174?
False
Does 135 divide 1468457?
False
Does 121 divide 1095448?
False
Is 7393008 a multiple of 12?
True
Does 18 divide 29322?
True
Is 335501 a multiple of 29?
True
Is 150 a factor of 1326000?
True
Does 10 divide 6660494?
False
Does 25 divide 450356?
False
Is 804408 a multiple of 132?
True
Is 7299 a multiple of 6?
False
Is 997768 a multiple of 48?
False
Is 3306795 a multiple of 89?
True
Is 181 a factor of 352045?
True
Is 660996 a multiple of 126?
True
Is 9 a factor of 20856?
False
Does 318 divide 15801420?
True
Does 21 divide 3835646?
False
Does 21 divide 11006?
False
Is 5583464 a multiple of 344?
True
Is 6444 a multiple of 36?
True
Is 212 a factor of 7946795?
False
Does 216 divide 1886976?
True
Is 1140742 a multiple of 67?
True
Does 685 divide 6643130?
True
Does 16 divide 3106672?
True
Is 1139585 a multiple of 295?
True
Is 205550 a multiple of 2?
True
Is 197 a factor of 448766?
True
Is 56 a factor of 4529672?
True
Does 53 divide 198326?
True
Is 43422 a multiple of 90?
False
Does 4 divide 43556?
True
Does 58 divide 201956?
True
Does 575 divide 9348116?
False
Is 423 a factor of 3197034?
True
Does 95 divide 111340?
True
Does 101 divide 488537?
True
Is 89211 a multiple of 131?
True
Does 11 divide 495231?
True
Does 13 divide 489203?
True
Is 1755336 a multiple of 8?
True
Is 18454128 a multiple of 22?
True
Is 11 a factor of 5927218?
True
Is 78620 a multiple of 31?
False
Is 16578 a multiple of 9?
True
Is 204 a factor of 28152?
True
Is 5624850 a multiple of 1050?
True
Does 9 divide 126468?
True
Is 268049 a multiple of 109?
False
Is 189513 a multiple of 27?
True
Is 3207828 a multiple of 89?
False
Does 23 divide 2120392?
False
Does 27 divide 824150?
False
Is 1845967 a multiple of 29?
False
Is 97001 a multiple of 17?
False
Is 11 a factor of 4185913?
False
Does 21 divide 1763?
False
Is 5 a factor of 401071?
False
Does 6 divide 84402?
True
Is 15512860 a multiple of 214?
True
Is 2730944 a multiple of 71?
True
Is 5753726 a multiple of 274?
True
Is 800525 a multiple of 55?
True
Does 17 divide 581373?
False
Is 1336073 a multiple of 2?
False
Is 323 a factor of 233206?
True
Is 198 a factor of 255024?
True
Is 100 a factor of 56100?
True
Is 6 a factor of 792054?
True
Is 85677 a multiple of 16?
False
Is 185764 a multiple of 4?
True
Does 203 divide 81600?
False
Is 43 a factor of 287513?
False
Is 69 a factor of 608649?
True
Is 24186 a multiple of 29?
True
Is 17175090 a multiple of 10?
True
Does 347 divide 4750430?
True
Is 5 a factor of 146683?
False
Is 69125 a multiple of 553?
True
Is 525 a factor of 15576225?
True
Is 21 a factor of 662056?
False
Is 8696472 a multiple of 24?
True
Is 266540 a multiple of 210?
False
Does 813 divide 8856407?
False
Is 39 a factor of 108540?
False
Is 31465 a multiple of 155?
True
Does 162 divide 10675?
False
Is 27 a factor of 10085175?
True
Is 127989 a multiple of 9?
True
Is 683150 a multiple of 25?
True
Is 37 a factor of 4849516?
True
Is 42 a factor of 332005?
False
Does 7 divide 279762?
True
Is 54048 a multiple of 494?
False
Is 337 a factor of 7662706?
True
Does 9 divide 862515?
True
Is 157824 a multiple of 288?
True
Is 8 a factor of 1416232?
True
Is 3664100 a multiple of 25?
True
Is 4 a factor of 31285?
False
Is 229 a factor of 102821?
True
Does 32 divide 26500876?
False
Does 52 divide 301340?
True
Does 37 divide 377259?
False
Is 74 a factor of 66526?
True
Is 3 a factor of 286419?
True
Is 51 a factor of 1269705?
False
Does 2 divide 424?
True
Is 1301 a factor of 1065519?
True
Is 16 a factor of 3540497?
False
Is 3387215 a multiple of 977?
False
Is 49 a factor of 5488?
True
Is 49 a factor of 251419?
True
Is 117 a factor of 4476446?
False
Is 32 a factor of 3960544?
True
Is 74 a factor of 1410292?
True
Is 23992157 a multiple of 12?
False
Does 3 divide 56325?
True
Is 3043034 a multiple of 80?
False
Does 39 divide 8225640?
False
Is 14 a factor of 137467?
False
Is 20 a factor of 53940?
True
Is 105964 a multiple of 36?
False
Is 159642 a multiple of 21?
True
Is 7 a factor of 2848775?
False
Is 5 a factor of 103892?
False
Does 3 divide 45127?
False
Does 108 divide 50436?
True
Is 33459 a multiple of 19?
True
Is 6873 a multiple of 23?
False
Does 12 divide 155966?
False
Does 106 divide 2663992?
True
Is 3 a factor of 49802?
False
Does 256 divide 3784448?
True
Is 9 a factor of 3821445?
True
Is 154741 a multiple of 271?
True
Is 65 a factor of 1940591?
False
Is 9 a factor of 107928?
True
Is 3123432 a multiple of 282?
True
Is 4 a factor of 560?
True
Is 31 a factor of 58466?
True
Is 171 a factor of 51964?
False
Is 226 a factor of 1357068?
False
Is 1833 a multiple of 351?
False
Is 1439174 a multiple of 242?
True
Is 349 a factor of 264929?
False
Does 15 divide 56742?
False
Does 533 divide 771994?
False
Is 296877 a multiple of 211?
True
Is 420 a factor of 136500?
True
Does 370 divide 3327780?
True
Is 49 a factor of 220476?
False
Is 76074 a multiple of 6?
True
Is 262 a factor of 167117?
False
Is 25500 a multiple of 15?
True
Is 4 a factor of 15708?
True
Does 35 divide 1625120?
True
Is 150 a factor of 77700?
True
Is 12359 a multiple of 17?
True
Is 25 a factor of 17080031?
False
Does 365 divide 3170331?
False
Is 19 a factor of 6891820?
False
Does 224 divide 78837?
False
Does 24 divide 10791832?
False
Is 140 a factor of 513940?
True
Is 44 a factor of 96466?
False
Is 1448381 a multiple of 44?
False
Is 121836 a multiple of 13?
True
Is 218 a factor of 9001950?
False
Does 15 divide 738632?
False
Is 78600 a multiple of 150?
True
Does 582 divide 1555104?
True
Does 4 divide 2889261?
False
Does 6 divide 36441?
False
Is 6913999 a multiple of 1645?
False
Is 7657620 a multiple of 179?
True
Is 347 a factor of 164131?
True
Is 71352 a multiple of 29?
False
